 is u(3)?
5
Let t(p) = -p**2 - 19*p + 24. Calculate t(-9).
114
Let p(z) = -z**2 + 4*z + 15. Give p(4).
15
Let u(a) = a**2 + 12*a + 15. Determine u(-12).
15
Let u(s) = -s**2 + s + 7. What is u(-5)?
-23
Let i(t) = t**3 + 9*t**2 + 9*t + 5. Determine i(-8).
-3
Let s(g) = g**3 + 17*g**2 - 38*g + 3. Determine s(-19).
3
Let l(m) = -m**2 - 6*m + 1. Calculate l(-3).
10
Let r(n) = n**3 - 4*n**2 + 2*n - 3. Calculate r(4).
5
Let r(f) = 2*f**2 + 8*f + 19. Give r(-2).
11
Let r(v) = -25*v**2 - 3*v - 3. Determine r(-1).
-25
Let x(w) = w**3 - w + 11. What is x(0)?
11
Let p(y) = y**2 - 9*y + 4. Calculate p(9).
4
Let s(c) = 2*c**2 + 10*c + 6. What is s(-5)?
6
Let l(h) = 2*h**3 + h**2 - 3*h + 11. Give l(3).
65
Let k(r) = -2*r**2 - 20*r + 4. Determine k(0).
4
Let i(u) = 13*u. What is i(-1)?
-13
Let v(p) = -5*p**2 + 2*p - 3. Determine v(1).
-6
Let v(u) = -u**2 - 6*u - 7. Calculate v(-3).
2
Let o(t) = t**2 + 14*t + 6. Give o(-12).
-18
Let p(c) = -3*c**3 - 20*c**2 - 24*c + 1. Determine p(-5).
-4
Let i(v) = v**3 - 7*v**2 + 8*v - 5. Calculate i(5).
-15
Let i(d) = 6*d + 16. Determine i(0).
16
Let t(j) = -3*j**3 + j**2 - j + 1. Give t(-2).
31
Let u(b) = -2*b**2 - 18*b + 20. Calculate u(-10).
0
Let q(c) = -12*c + 30. What is q(5)?
-30
Let t(j) = 11*j**3 - 2*j**2 - 2*j - 1. Determine t(-1).
-12
Let m(x) = -8*x - 7. Give m(0).
-7
Let d(g) = -g**3 - 4*g**2 + 4*g - 11. Determine d(-5).
-6
Let d(c) = 3*c**3 - 3*c**2 - 8*c + 17. Calculate d(3).
47
Let m(u) = -2*u**3 - 2*u**2 - 2. What is m(-3)?
34
Let b(r) = r**3 - 3*r**2 - 14*r + 3. Calculate b(6).
27
Let s(f) = -2*f**3 + 2*f**2 - 2*f. Determine s(2).
-12
Let m(f) = f**2 + 10*f + 6. Calculate m(-7).
-15
Let z(m) = 3*m - 35. Give z(19).
22
Let a(r) = -r**3 - 12*r**2 - 14. What is a(-12)?
-14
Let r(k) = -k - 5. Give r(0).
-5
Let n(d) = -2*d**3 + 7*d**2 - 12*d + 16. What is n(3)?
-11
Let w(f) = 4*f**2 - 10*f - 9. Calculate w(3).
-3
Let b(z) = -z**3 - 9*z**2 - 9*z - 2. What is b(-8)?
6
Let t(o) = 13*o - 669. What is t(51)?
-6
Let f(c) = 2*c - 1. Give f(0).
-1
Let g(l) = 3*l**2 + 10*l. Give g(-3).
-3
Let p(y) = -y**2 + 10*y - 11. Give p(10).
-11
Let l(g) = -6*g**2 + g - 1. Determine l(-2).
-27
Let g(z) = 3*z - 5. Determine g(6).
13
Let v(i) = i**2 + 6*i - 10. Determine v(-6).
-10
Let r(n) = n**2 + 5*n. Give r(-6).
6
Let t(x) = -x**3 + 7*x**2 + 11*x - 4. What is t(8)?
20
Let q(u) = -u**3 - 18*u**2 - 15*u + 24. Calculate q(-17).
-10
Let h(u) = -2*u - 12. What is h(5)?
-22
Let v(b) = -b + 3. Determine v(-11).
14
Let b(f) = -5*f**2 - 44*f. Calculate b(-9).
-9
Let y(d) = d**2 - 13*d + 4. Determine y(12).
-8
Let i(o) = o**3 - 2*o**2 - 5. Determine i(3).
4
Let s(b) = 9*b - 42. Determine s(6).
12
Let c(x) = -2*x**3 - 3*x**2 - 6*x - 2. What is c(-2)?
14
Let b(a) = -3*a**2 - 4*a + 8. Determine b(2).
-12
Let p(h) = 11*h - 4. Determine p(6).
62
Let c(r) = r**3 - 5*r**2 - 3*r - 4. Calculate c(4).
-32
Let n(l) = l**3 + l**2 - 6*l - 2. Give n(-3).
-2
Let r(q) = -q**3 - 4*q**2 + 6*q + 14. Give r(-4).
-10
Let y(d) = -7*d + 2. Determine y(-6).
44
Let c(i) = -4*i + 5. Calculate c(10).
-35
Let y(p) = -p**2 + 23*p + 1. Calculate y(23).
1
Let x(c) = 2*c**2 + 5*c - 8. Determine x(-7).
55
Let f(m) = m**2 - 48*m - 327. Give f(54).
-3
Let b(n) = 2*n**2 + 44*n + 223. Calculate b(-14).
-1
Let s(d) = 7*d + 12. Calculate s(3).
33
Let a(m) = 5*m**3 + m**2 - 2*m + 4. What is a(2)?
44
Let q(g) = 19*g + 20. Give q(6).
134
Let f(t) = -t**2 - 12*t - 13. Give f(-9).
14
Let l(q) = 12*q + 3. Determine l(1).
15
Let j(v) = -v**2 + 4*v + 12. Give j(6).
0
Let k(h) = 23*h**2 + 7*h + 17. Give k(-2).
95
Let v(c) = 17*c**2 + 3*c - 8. Determine v(2).
66
Let b(v) = v**2 - 25*v + 30. Determine b(27).
84
Let x(m) = -m**3 + 9*m**2 + 6*m - 8. Calculate x(10).
-48
Let b(f) = -f - 6. Give b(16).
-22
Let c(z) = 13*z - 6. What is c(-2)?
-32
Let o(k) = k**3 - k**2 + k + 23. Determine o(0).
23
Let i(r) = 2*r**2 - 4*r - 90. Calculate i(-7).
36
Let o(y) = -12*y + 3. Give o(2).
-21
Let q(p) = p**3 + 6*p**2 + 5*p + 6. Give q(-5).
6
Let m(l) = -2*l**2 + 4*l - 3. What is m(-4)?
-51
Let w(j) = -j**2 - 9*j - 13. Calculate w(-9).
-13
Let a(w) = -13*w - 22. Determine a(-5).
43
Let a(v) = 11*v. What is a(-2)?
-22
Let g(x) = -x**2 + 19*x - 41. What is g(16)?
7
Let t(f) = -2*f**3 - 35*f**2 - 46*f + 31. Give t(-16).
-1
Let x(c) = -39*c**3 + 2*c**2 - 1. Give x(1).
-38
Let m(k) = k**3 - 15*k**2 + 2*k - 32. Calculate m(15).
-2
Let t(n) = 2*n**3 - 4*n**2 + 3*n - 6. What is t(3)?
21
Let p(u) = 13*u**3 - 3*u**2 + 11*u - 6. Calculate p(2).
108
Let k(p) = -p**3 - 7*p**2 + 5*p + 1. What is k(-7)?
-34
Let r(x) = -x**2 - 6*x + 25. What is r(-12)?
-47
Let p(v) = -v**2 + 65*v + 420. Calculate p(71).
-6
Let s(r) = 3*r**2 + 24*r + 19. Calculate s(-9).
46
Let m(s) = -3*s**2 + 16*s - 45. Determine m(6).
-57
Let r(a) = a**3 + 5*a**2 + 5*a - 2. Calculate r(-5).
-27
Let p(t) = t**3 + 9*t**2 - 11*t + 7. What is p(-10)?
17
Let q(r) = r**2 + 28*r - 18. Determine q(-16).
-210
Let x(b) = b**2 + 3*b + 2. What is x(-1)?
0
Let i(b) = -b + 6. Give i(2).
4
Let x(p) = p**2 - 2*p - 1. Calculate x(4).
7
Let i(k) = -k**2 - 16*k + 4. What is i(-14)?
32
Let y(v) = v + 1. Calculate y(-5).
-4
Let b(s) = -2*s**2 + 3*s + 12. Determine b(0).
12
Let d(i) = 29*i - 67. Give d(3).
20
Let s(n) = 5*n**2 + n + 3. What is s(-1)?
7
Let a(h) = 13*h + 1. Determine a(-1).
-12
Let q(g) = g**2 + 8*g + 13. Calculate q(-10).
33
Let n(k) = -6*k + 2. Give n(-4).
26
Let d(o) = -4*o - 17. Give d(-2).
-9
Let p(m) = -m**3 + 2*m**2 + m + 18. Calculate p(0).
18
Let f(r) = 2*r**3 - 22*r**2 + 3*r - 36. What is f(11)?
-3
Let h(i) = -15*i + 71. Determine h(12).
-109
Let t(o) = 40*o**3 + 2*o + 2. Calculate t(-1).
-40
Let b(m) = -m**3 + 30*m**2 + 29*m + 3. Give b(31).
-59
Let z(p) = -p**2 + 5*p - 11. What is z(5)?
-11
Let b(o) = -2*o**2 + 11*o + 16. Give b(8).
-24
Let u(c) = -c**3 + 9*c**2 - 3*c - 2. Give u(9).
-29
Let u(n) = 36*n - 11. What is u(2)?
61
Let x(n) = n**3 - 6*n**2 + 6*n + 8. What is x(4)?
0
Let z(i) = -i**2 + 13*i - 1. What is z(13)?
-1
Let o(i) = i**2 - 11*i - 11. What is o(9)?
-29
Let x(w) = 52*w + 40. Give x(-1).
-12
Let u(b) = -b**3 + 4*b**2 - 5*b. Calculate u(2).
-2
Let q(j) = -j**2. Give q(-1).
-1
Let d(u) = 4*u + 43. Determine d(-10).
3
Let x(z) = 8*z - 8. Determine x(3).
16
Let i(b) = 96*b**2 - 4*b + 2. What is i(1)?
94
Let w(r) = r**3 + 10*r**2 - 10*r - 8. Give w(-11).
-19
Let s(l) = l**2 + 15*l + 5. What is s(-15)?
5
Let m(c) = 7*c + 2. Determine m(5).
37
Let n(l) = -l**3 - 11*l**2 + 3*l + 29. Determine n(-11).
-4
Let g(w) = -w**2 + 11*w + 40. Determine g(15).
-20
Let u(m) = -m**3 + 11*m**2 - 10*m + 1. Give u(10).
1
Let b(v) = -2*v - 51. What is b(-22)?
-7
Let s(b) = b**2 + 3*b - 7. What is s(-5)?
3
Let h(d) = -d**2 - 39*d - 275. Give h(-29).
15
Let y(g) = 3*g**2 + 5*g + 7. Calculate y(-6).
85
Let s(f) = -f**2 - 13*f - 36. What is s(-8)?
4
Let p(o) = o**3 - 9*o**2 + 9*o - 5. Give p(8).
3
Let c(g) = -g**2 - 2*g - 2. Give c(-3).
-5
Let n(l) = 39*l**2 + l. Determine n(1).
40
Let o(w) = -4*w - 4. Calculate o(1).
-8
Let g(d) = d**3 - d**2 - d - 2. Give g(0).
-2
Let u(v) = -5*v**2. Calculate u(-1).
-5
Let n(x) = -x**3 + 11*x**2 - 9*x - 5. Calculate n(10).
5
Let i(q) = -q - 19. Determine i(4).
-23
Let w(t) = t**2 + 18*t - 7. Give w(-13).
-72
Let i(a) = 18*a**3 - 2*a**2 + 2*a + 3. Calculate i(-1).
-19
Let b(w) = 3*w**2 + w + 5. What is b(0)?
5
Let a(u) = -59*u + 228. Calculate a(4).
-8
Let s(j) = 4*j + 3. What is s(4)?
19
Let z(u) = -u**3 - 6*u**2 - 8*u - 12. Give z(-5).
3
Let l(g) = -2*g**2 + 37*g + 61. What is l(20)?
1
Let o(q) = 9*q - 60. What is o(14)?
66
Let y(j) = -2*j**3 + 5*j**2 + 2*j + 4. Calculate y(4).
-36
Let p(n) = n**2 - 28*n - 1. What is p(28)?
-1
Let w(x) = -4*x + 9. Calculate w(3).
-3
Let b(x) = -x**3 - 10*x**2 + 12*x + 13. Determine b(-11).
2
Let n(g) = -3*g**2 + 8*g - 2. Determine n(3).
-5
Let u(j) = -3*j + 89. Calculate u(0).
89
Let n(x) = -2*x**3 - 34*x**2 - 32*x + 16. What is n(-16)?
16
Let k(r) = r + 20. Give k(8).
28
Let p(d) = -d + 1. Give p(-6).
7
Let c(v) = v**2 + 8*v + 9. What is c(-4)?
-7
Let j(x) = 2*x - 48. Calculate j(-15).
-78
Let l(m) = -m**2 - 2*m + 2. Give l(-5).
-13
Let h(z) = z - 10. What is h(17)?
7
Let j(y) = -2*y**2 - y - 1. Calculate j(-1).
-2
Let j(v) = -3*v + 23. Give j(10).
-7
Let x(n) = n**3 + 4*n**2 + 4*n 